 -2*q + 2. List the prime factors of 2/1 + -3 + q.
2
Suppose 5*u - 125 = -0*u. What are the prime factors of u?
5
Suppose -2*p + n = -93, 0*p - p + 3*n = -39. What are the prime factors of p?
2, 3
What are the prime factors of (23 + -15)*2*3?
2, 3
Let p = 5 + -9. Let h(w) = w**3 + 6*w**2 + 7*w + 4. List the prime factors of h(p).
2
Suppose -4*h + 136 = -2*s - 2*s, 0 = -5*s + 15. List the prime factors of h.
37
Suppose 2*u - 5 = 3. Suppose 5*s - r - 4 - 219 = 0, 0 = u*s + 3*r - 167. What are the prime factors of s?
2, 11
Let c(q) = 3*q**2 - 6*q + 11. List the prime factors of c(11).
2, 7, 11
Suppose -4*s + 4*k + 14 = -2, -k = s + 4. Let u be s - -10 - (-2 - 0). What are the prime factors of 198/u + 1/(-2)?
2
Suppose 0*r = -4*r + 8. Let q(h) = h. What are the prime factors of q(r)?
2
Let v = -14 + 6. Let r = v + 14. List the prime factors of r.
2, 3
Let p(u) = u**3 - 4*u**2 - 4*u - 5. Let j be p(5). Suppose 36 = 2*q - 2*c - 10, j = q - 3*c - 27. What are the prime factors of q?
3, 7
Let j(n) = -n**3 - 5*n**2 + 2. Let g = 3 - 8. Let t be j(g). Suppose 3*w - 20 = 4*h + 17, 2*w + t*h = 6. List the prime factors of w.
7
Let p be 2/7 + (-18)/14. Let x be (1 + p)/(2/(-1)). What are the prime factors of 16 + (1 + x)/(-1)?
3, 5
Suppose r - 3*r = 5*b + 49, 4*r + 8 = 0. Let l be (-29)/b + (-4)/18. Suppose 8*n - l*n - 40 = 0. What are the prime factors of n?
2
Suppose s - i = -25 + 4, 3*s + 2*i = -58. Let z = s + 38. List the prime factors of z.
2, 3
Let b(m) = -5*m**3 - m**2 + 2*m - 1. List the prime factors of b(-2).
31
Let q(y) = -2*y + 23. What are the prime factors of q(0)?
23
Suppose 7 = -2*a - 1, -5*v + 2*a + 23 = 0. Let m = -2 - -4. Suppose n + r + m = v, -2*r - 8 = -3*n. What are the prime factors of n?
2
Suppose 4*k - 13 = x, 0 = 3*x + 2*k + k - 21. Suppose -x*t + 11 + 16 = 0. Let a = 14 - t. What are the prime factors of a?
5
Let x(z) = 2*z - 1. Let r be (-3)/9*(-3 - 6). Let c be x(r). Suppose 0 = -c*u + 4*i + 77, 3*u + 3 = -4*i + 30. List the prime factors of u.
13
Let r(z) be the second derivative of -2*z**5/5 + z**4/12 + z**3/3 + z**2/2 - z. List the prime factors of r(-1).
2
Let m be (4/6)/((-4)/(-24)). Suppose m*c = 16, -3*p - 12 = 2*c - 56. List the prime factors of p.
2, 3
Let d = 21 - -4. What are the prime factors of d?
5
Let i(b) = 7*b - 34. What are the prime factors of i(16)?
2, 3, 13
Let k(x) = x + 7. Let i be k(-4). Let o be 0/((-2)/(-4)*(2 - 4)). Let u = i - o. What are the prime factors of u?
3
Let s be 3*(1 - 1 - -1). Suppose -b + s*b = -42. Let q = -15 - b. What are the prime factors of q?
2, 3
Let n = 50 - 17. Suppose 0 = -q - 2, 2 = 4*h + q + 4. What are the prime factors of (n/3 - h)*1?
11
Let z(i) = -3*i - 2. Let g be z(-2). Suppose h = -g*m - 14, -2*h - m = 3*h - 25. Suppose w - 1 = -2, -4*w = 2*v - h. List the prime factors of v.
5
Let x(y) = -y**2 - 10*y + 5. Let w be x(-10). Suppose -w*d = 9 - 59. Let g = d + 2. What are the prime factors of g?
2, 3
Let r = 27 - -6. List the prime factors of r.
3, 11
Suppose 5*k = 3*d + 116, k + 3*d = 3*k - 50. List the prime factors of k.
2, 11
Suppose 46 = 7*n - 6*n. What are the prime factors of n?
2, 23
Let z = -12 + 34. List the prime factors of z.
2, 11
What are the prime factors of (-1030)/(-15)*3/2?
103
Let j be 2/6*(8 - -1). Suppose 4*y - 20 = f - 6*f, -j*y = 15. List the prime factors of f.
2
Let o = -14 + 16. List the prime factors of -10*((-77)/o)/7.
5, 11
Let y(r) = 2*r**2 + 12*r + 4. List the prime factors of y(-8).
2, 3
Suppose -3*z + 2*z = 3. Let f be (0/z)/((-2)/(-2)). Suppose f + 4 = m. What are the prime factors of m?
2
Suppose -p = 3*p. List the prime factors of p + (21 - (1 - 4)).
2, 3
Let a be 1/(-5) + (-87)/15. List the prime factors of ((-33)/a)/(1/2).
11
Let t(q) = q**2 - 6*q + 7. What are the prime factors of t(8)?
23
Let d(s) = -s**3 - 4*s**2 - 4*s - 1. Let p be d(-3). Let w(k) = 2*k**3 - 2*k**2 + 4*k - 3. What are the prime factors of w(p)?
13
Let i(l) = -l**3 - 5*l**2 + 2*l - 6. List the prime factors of i(-6).
2, 3
Let n(d) = d**3 - 5*d**2 - 7*d + 9. Let x be n(6). Suppose -3*i = -0*i - 3*p - 18, -4*i - x*p + 10 = 0. Suppose -5*g = -i*g - 8. List the prime factors of g.
2
Suppose 0 = -o + 4. Let s = 14 - 2. Suppose -d = o*c - s, 0*c = c + d. What are the prime factors of c?
2
Let k(a) = a**2 - 10*a - 10. List the prime factors of k(13).
29
Let w(h) = -h**3 + 6*h**2 + 7*h + 3. Let c be w(7). Suppose -x + 2*x = -c. What are the prime factors of x*2*2/(-2)?
2, 3
Let w(r) = r**2 + r. Let h(f) = -5*f**2 - 3*f - 18. Let y(p) = -h(p) - 4*w(p). Let d be y(0). Let o = d - 7. What are the prime factors of o?
11
Suppose 2*l - 35 = 21. Suppose -l = r + r. List the prime factors of r*1*(-1)/2.
7
Suppose r - 12 = -2*r. What are the prime factors of r?
2
Let m = -88 - -166. What are the prime factors of m?
2, 3, 13
Let n(s) = -127*s**3 - s - 2. List the prime factors of n(-1).
2, 3, 7
Let t be (2 - 5)/((-2)/(-4)). Let d be 3/((-9)/t)*-1. List the prime factors of (-24)/(-9)*(-6)/d.
2
Let o = -1 + 1. Suppose 4*a - 7*a = o. Suppose 0 = 2*t - 24 - a. List the prime factors of t.
2, 3
Suppose -3*z - 120 = -8*z. Let l = 11 + -18. Let r = z + l. List the prime factors of r.
17
Let p be 2/(-3) + 48/18. Suppose -2 = -p*f - 14. Let o = f + 9. What are the prime factors of o?
3
Suppose 0*x + 3*x = 4*t - 397, -3*x = -5*t + 497. What are the prime factors of t?
2, 5
Suppose 5*j - 20 - 60 = 2*x, 0 = -4*x - 20. What are the prime factors of (j/4)/(1/2)?
7
Let d = -4 + 7. List the prime factors of (-2)/(1/((-3)/d)).
2
Let q(u) = 2*u - 6. Let m be q(3). Suppose -4*g = -4*k - 148, m = -2*k - 2*k. List the prime factors of g.
37
Let o(t) = t**2 - 5*t + 3. Let w be ((-8)/10)/((-2)/15). Let m be o(w). Let b = m + -4. List the prime factors of b.
5
Let v be 1*2/(-2) - -5. Let k(x) = x**2 - 6. Let h be k(4). Let g = h + v. List the prime factors of g.
2, 7
Suppose 4*l = -6 - 14, 113 = 4*z - l. What are the prime factors of z?
3
Suppose 1 = -4*n + 3*k + 12, -2 = 2*k. Let v(y) = -2*y + y**n - 2 + 5 - 5. What are the prime factors of v(4)?
2, 3
Let i be (0 - 0)/3 + 0. Suppose -4*t = 2*f - 19 - 29, i = 4*t - 2*f - 56. What are the prime factors of t?
13
List the prime factors of (-1)/2 - 45/(-10).
2
Let z(o) = o**2 + 7*o + 2. Let h(t) = -2*t**2 - 15*t - 3. Let v(p) = 3*h(p) + 7*z(p). Let l = -13 + 9. What are the prime factors of v(l)?
5
Suppose 0 = 2*v - 25 - 43. List the prime factors of v.
2, 17
Let j = -3 + 23. List the prime factors of j.
2, 5
What are the prime factors of (-2 - (-12)/5)*(-2 + 12)?
2
Let h(j) = -j**2 + j + 2. Let c be h(-3). Let b be ((-8)/20)/(2/c). What are the prime factors of 3*1 - 0/b?
3
Let d(c) = 3*c + 6. Let x = 36 + -21. Suppose -3*i - m = 2*m - x, i = -4*m + 5. What are the prime factors of d(i)?
3, 7
Let a(o) = -10*o**3 + o**2 + o. List the prime factors of a(-1).
2, 5
Let f(x) = 22*x - 1. Let h be f(-1). Let j = -59 - h. What are the prime factors of (1/3)/((-3)/j)?
2
Suppose -2*s - 39 = -3*t, 4*t - 29 = -2*s + 9. Suppose 0 = -3*l + 47 - t. What are the prime factors of l?
2, 3
Suppose 24 = -r + 1. Let f = -14 - r. What are the prime factors of 34/f - (-2)/9?
2
Let m(k) = -k**2 + 44. What are the prime factors of m(0)?
2, 11
Suppose 0 = 6*s - 92 - 4. List the prime factors of s.
2
Let v(b) = 2*b**2 - b. Let n(r) = -r**3 + 4*r**2 - 5*r + 3*r**2 + 2 - 2*r**2. Let c be n(4). What are the prime factors of v(c)?
2, 5
Suppose 5*z + 8 + 12 = 0, 5*z = 5*g - 45. Suppose g*a = 3*q - 4 - 5, -2*a - q = 8. Let x(y) = y**2 + y + 3. List the prime factors of x(a).
3
Let k(d) = d**3 - 2*d**2 - 3*d + 11. List the prime factors of k(7).
5, 47
Let d be (-47)/(-9) - 2/9. Suppose 5*i = 2*r + 17, -d*i = -4*i + 3*r. Suppose i*c - 16 = -4. List the prime factors of c.
2
Suppose n = -4*v + 3*n + 4, -2*n = 5*v - 5. Let k = v + 1. Suppose a - 3 = y, 4*a = -3*y - k + 21. List the prime factors of a.
2
Let g be ((-9)/(-2))/(-3)*-20. Let m = 6 + -3. Suppose 0 = -7*d + 4*d + 3*h + g, -m*d = 4*h - 44. What are the prime factors of d?
2, 3
Let i = 2 - 6. Let q be (-5)/20 + (-61)/i. Suppose 0 = -4*f + f + q. List the prime factors of f.
5
Let j = 6 + 77. List the prime factors of j.
83
Let l(p) = -4 - 3*p - 9 - 7 + 14. Let q be 18/(-5) + (-4)/10. List the prime factors of l(q).
2, 3
List the 